ase 8.
3005
ec8c (base 15) to base 5
3100312
-1471 (base 8) to base 15
-3a0
200112000 (base 3) to base 4
3102330
What is 32323 (base 4) in base 8?
1673
What is bc9 (base 16) in base 14?
1157
-11001100001001 (base 2) to base 13
-5c40
-11104 (base 5) to base 2
-1100001011
Convert -411 (base 8) to base 13.
-175
-35a (base 12) to base 7
-1315
Convert -2415 (base 12) to base 13.
-1ac6
What is -22531 (base 6) in base 10?
-3223
What is 7a60 (base 13) in base 12?
9b0b
What is 812 (base 9) in base 7?
1631
What is -210243 (base 6) in base 5?
-1020242
What is 2a2 (base 16) in base 12?
482
-22123 (base 8) to base 15
-2b4e
Convert -260 (base 11) to base 15.
-158
What is 11 (base 5) in base 12?
6
What is -c74 (base 14) in base 2?
-100110010110
What is -126d1 (base 14) in base 4?
-23003033
6263 (base 7) to base 5
32301
230 (base 6) to base 8
132
-104 (base 5) to base 8
-35
-3819 (base 10) to base 9
-5213
What is -11917 (base 10) in base 7?
-46513
Convert 132431 (base 5) to base 11.
4039
-22154 (base 7) to base 16
-15c8
Convert -6622 (base 8) to base 4.
-312102
Convert 8c4 (base 15) to base 13.
b98
Convert 307 (base 12) to base 13.
27a
What is -11925 (base 12) in base 4?
-11303231
Convert -1103120 (base 4) to base 15.
-18ab
Convert 110110001011 (base 2) to base 3.
11202102
13236 (base 8) to base 13
2835
What is 25a6 (base 11) in base 6?
23355
-616 (base 7) to base 5
-2212
e80 (base 16) to base 12
2194
What is 221022212 (base 3) in base 9?
27285
289 (base 14) to base 10
513
Convert 210211102 (base 3) to base 8.
37052
What is -165 (base 8) in base 16?
-75
What is -194b3 (base 12) in base 11?
-25886
What is -53 (base 15) in base 13?
-60
-23001 (base 4) to base 7
-2025
What is -8a3 (base 15) in base 8?
-3641
What is -3321 (base 6) in base 8?
-1401
What is -8a4 (base 14) in base 15?
-792
-314 (base 10) to base 7
-626
Convert -3081 (base 10) to base 6.
-22133
Convert -80d7 (base 15) to base 11.
-1948a
-2a0a (base 12) to base 14
-1b06
Convert -2e8 (base 16) to base 2.
-1011101000
What is 843 (base 13) in base 11?
106a
Convert -11100011110 (base 2) to base 7.
-5212
What is -1202 (base 5) in base 15?
-bc
What is -62ad (base 16) in base 7?
-133435
21230 (base 7) to base 15
185e
What is 21220 (base 5) in base 14?
747
What is -1111111212 (base 3) in base 4?
-13031132
Convert 11331 (base 4) to base 2.
101111101
Convert -31816 (base 9) to base 16.
-5253
Convert 7842 (base 16) to base 10.
30786
What is 230 (base 5) in base 2?
1000001
Convert 6610 (base 12) to base 4.
2233230
Convert -1265 (base 10) to base 14.
-665
What is -22014 (base 6) in base 11?
-2309
What is -d8b (base 16) in base 7?
-13052
-19b72 (base 12) to base 3
-1221001212
Convert -12223 (base 5) to base 9.
-1252
What is 6736 (base 10) in base 15?
1ee1
Convert -229 (base 14) to base 7.
-1152
What is 1079 (base 13) in base 6?
14345
6122 (base 7) to base 11
1660
Convert 528a (base 11) to base 10.
6995
344642 (base 7) to base 4
33010121
What is -14223 (base 7) in base 11?
-2a15
What is 6901 (base 10) in base 8?
15365
What is 521 (base 6) in base 13?
11b
Convert -3301 (base 5) to base 11.
-380
Convert -56361 (base 7) to base 14.
-52a1
What is 3030 (base 8) in base 6?
11120
What is -1b3 (base 12) in base 3?
-101100
Convert 10101132 (base 4) to base 3.
220000020
What is -443121 (base 5) in base 2?
-11110000110011
Convert -2861 (base 10) to base 6.
-21125
3a1 (base 16) to base 12
655
12512 (base 6) to base 14
9ac
Convert -a8b (base 12) to base 13.
-920
Convert -146 (base 16) to base 2.
-101000110
3113011 (base 4) to base 3
200212211
Convert -88a (base 11) to base 9.
-1414
Convert 1515 (base 7) to base 6.
2440
What is 6803 (base 10) in base 6?
51255
Convert -4014 (base 5) to base 13.
-302
Convert 2407 (base 8) to base 15.
5ac
Convert 2710 (base 16) to base 13.
4723
140 (base 14) to base 16
fc
Convert 212211 (base 3) to base 7.
1606
-13103 (base 6) to base 9
-2643
-5313 (base 8) to base 3
-10210100
Convert 2021002002 (base 3) to base 15.
d2d5
What is -2517 (base 9) in base 5?
-30004
-2108 (base 11) to base 10
-2791
What is -54737 (base 10) in base 9?
-83068
What is -123 (base 7) in base 16?
-42
Convert 2983 (base 10) to base 7.
11461
What is -53a6 (base 13) in base 3?
-120221200
-101211100 (base 3) to base 9
-11740
What is -10000101000100 (base 2) in base 4?
-2011010
What is -1013031 (base 5) in base 16?
-4101
What is -912 (base 10) in base 13?
-552
-35a5 (base 11) to base 13
-21b7
What is 4221 (base 5) in base 15?
276
What is 2122001120 (base 3) in base 4?
30221121
-22210012 (base 3) to base 2
-1100100000100
-8416 (base 11) to base 7
-44335
What is 834 (base 9) in base 12?
487
3808 (base 10) to base 11
2952
What is 20002110 (base 3) in base 16?
1158
Convert -1ba7 (base 15) to base 2.
-1011101110111
What is -110 (base 16) in base 3?
-101002
What is -5242 (base 13) in base 9?
-16541
1100211 (base 4) to base 14
1c45
-759 (base 14) to base 10
-1451
What is -11760 (base 8) in base 13?
-2428
What is 147526 (base 8) in base 3?
2200210212
112012102 (base 3) to base 13
4934
What is 133 (base 15) in base 8?
421
330240 (base 5) to base 12
6674
What is 14241 (base 5) in base 2?
10010101100
Convert -64 (base 13) to base 5.
-312
13023 (base 8) to base 10
5651
What is -5ab6 (base 12) in base 15?
-3063
3125 (base 8) to base 6
11301
What is -100102011 (base 3) in base 10?
-6862
-142151 (base 6) to base 7
-54145
38a4 (base 11) to base 3
20221222
Convert 536 (base 12) to base 9.
1036
What is 10111100 (base 2) in base 7?
356
Convert -1cd (base 14) to base 15.
-1a2
Convert -11ea (base 16) to base 10.
-4586
What is 21250 (base 6) in base 15?
ce0
Convert 4150 (base 6) to base 12.
656
-202110211 (base 3) to base 13
-6a42
-180a (base 11) to base 14
-bad
Convert 70450 (base 8) to base 11.
1a845
-13853 (base 15) to base 5
-4001003
What is -3000123 (base 4) in base 13?
-57b4
Convert 165376 (base 8) to base 13.
214c7
-9f59 (base 16) to base 2
-1001111101011001
What is -232 (base 16) in base 10?
-562
Convert -386 (base 14) to base 7.
-2026
-10103200 (base 4) to base 9
-26161
Convert -2103133 (base 4) to base 15.
-2be4
What is -944 (base 11) in base 2?
-10001110001
What is -2306 (base 9) in base 2?
-11010101011
Convert 54616 (base 7) to base 15.
40c4
-300200 (base 4) to base 10
-3104
2944 (base 13) to base 15
1b81
Convert 1143 (base 6) to base 11.
234
26331 (base 7) to base 9
10570
2021031 (base 4) to base 5
240111
What is 7a (base 16) in base 13?
95
212012 (base 4) to base 5
34223
40516 (base 9) to base 11
19040
-1d48 (base 14) to base 6
-40444
-100010111110011 (base 2) to base 9
-26506
Convert 42 (base 12) to base 2.
110010
Convert -20133230 (base 4) to base 2.
-1000011111101100
What is 292d (base 15) in base 2?
10001001110010
21001101 (base 3) to base 6
35444
What is 458 (base 11) in base 14?
2b1
Convert -25c0 (base 13) to base 10.
-5395
What is -116 (base 7) in base 9?
-68
Convert -11003 (base 4) to base 13.
-1bb
Convert 17c (base 14) to base 7.
615
What is -220a (base 12) in base 4?
-322222
What is -32231 (base 4) in base 13?
-575
What is -4503 (base 10) in base 15?
-1503
Convert 3063 (base 7) to base 2.
10000110010
-2676 (base 9) to base 7
-5604
-100000100 (base 2) to base 3
-100122
7072 (base 8) to base 11
2811
100100100 (base 2) to base 9
354
Convert 313 (base 14) to base 6.
2445
What is 173 (base 16) in base 7?
1040
Convert -704 (base 9) to base 2.
-1000111011
Convert 1066 (base 7) to base 12.
287
Convert 20821 (base 9) to base 10.
13789
What is 5b11 (base 12) in base 4?
2133331
297 (base 12) to base 9
487
15be (base 16) to base 7
22141
-4644 (base 10) to base 15
-1599
What is 31012 (base 4) in base 12?
59a
What is -2269 (base 16) in base 14?
-32d3
177 (base 13) to base 7
531
Convert 2974 (base 15) to base 8.
21264
Convert -193 (base 13) to base 2.
-100100001
Convert 10 (base 14) to base 3.
112
What is -5248 (base 10) in base 7?
-21205
-200101 (base 3) to base 2
-111110000
Convert 2021 (base 3) to base 10.
61
-265 (base 9) to base 13
-140
Convert -146 (base 16) to base 13.
-1c1
What is 17230 (base 9) in base 4?
2321031
13203 (base 4) to base 6
2123
Convert 111100020 (base 3) to base 13.
4572
95a (base 12) to base 4
111112
What is -1004 (base 6) in base 13?
-13c
-3133 (base 5) to base 3
-120111
What is -3231 (base 15) in base 7?
-42652
W